2b82ba - -3?
12b82c0
In base 4, what is -2222 + 22300013?
22231131
In base 11, what is -629262 - -16?
-629247
In base 3, what is -1111101002 + 2011210202?
200102200
In base 8, what is -1051 - -55417?
54346
In base 13, what is -97877 + 9c?
-977a8
In base 16, what is 745 - fceb?
-f5a6
In base 7, what is -10651411 + 10?
-10651401
In base 4, what is -1000313103 - -100120?
-1000212323
In base 15, what is -5c0 - -1de2?
1822
In base 10, what is -1272885 + -950?
-1273835
In base 8, what is -1 + 16222101?
16222100
In base 15, what is 4 - -41cca2?
41cca6
In base 8, what is 0 - 1347637374?
-1347637374
In base 9, what is -3543 + 45762?
42218
In base 8, what is 1 - -1026655263?
1026655264
In base 4, what is 110120012 - 333311?
103120101
In base 13, what is 4b009 + 706?
4b712
In base 10, what is -87751922 - 4?
-87751926
In base 4, what is 120 + 233011011?
233011131
In base 4, what is 11232202 - 2211211?
3020331
In base 6, what is 33555 + 234?
34233
In base 13, what is -788471 - 1?
-788472
In base 15, what is -2eb0 - 19173?
-1c133
In base 13, what is -111617 + -8b?
-1116a5
In base 3, what is -10000121202101011 - 1?
-10000121202101012
In base 11, what is -15856 + -7a?
-15925
In base 16, what is 4c - -194e7?
19533
In base 12, what is 47024a - -3a?
470288
In base 7, what is -20560 - -265?
-20262
In base 4, what is 123202 - 1022001?
-232133
In base 7, what is 5462355 - 1?
5462354
In base 15, what is 423999 + -19?
423980
In base 6, what is 0 + -51413343?
-51413343
In base 8, what is -6 - -34335241?
34335233
In base 10, what is 8 + -17027138?
-17027130
In base 12, what is -19 + 1613038?
161301b
In base 3, what is -10220002202000 + 110?
-10220002201120
In base 4, what is -1313011 - -1003123?
-303222
In base 10, what is 16301724 + 7?
16301731
In base 5, what is -1130343331 - 11?
-1130343342
In base 4, what is 3 + 222121310030?
222121310033
In base 5, what is 101134 + 13044?
114233
In base 11, what is -2 - -6292124?
6292122
In base 8, what is 2 - 54740306?
-54740304
In base 15, what is -1e9666e + 4?
-1e9666a
In base 16, what is 85e18 + -2ac?
85b6c
In base 6, what is -54342230 + -314?
-54342544
In base 12, what is 412 + -11445?
-11033
In base 5, what is 21012 - -312412?
333424
In base 4, what is -123203223 + -310?
-123210133
In base 9, what is -17775 - 727?
-18613
In base 15, what is 3c + ae18ab?
ae18e8
In base 11, what is 151944 - -2533?
154377
In base 11, what is 270 - -164557?
164817
In base 13, what is -8ba - 19717?
-1a304
In base 7, what is 11103 + -45640?
-34534
In base 13, what is -bc5289 - -5?
-bc5284
In base 8, what is -3 - 405164753?
-405164756
In base 16, what is 6 - -519579?
51957f
In base 7, what is -11 + -325125?
-325136
In base 2, what is 111001100 + -10101001001010?
-10100001111110
In base 3, what is 20002120011001 - -2?
20002120011010
In base 7, what is -464 - 32634?
-33431
In base 15, what is 0 - 104ba4?
-104ba4
In base 7, what is -2 - -2451440?
2451435
In base 9, what is -2842456 + -3?
-2842460
In base 11, what is 35a5607 - -3?
35a560a
In base 16, what is -9f877 + -8?
-9f87f
In base 3, what is -2211 + -11222021002?
-11222100220
In base 15, what is 11a5c + -2c3?
11789
In base 4, what is 1122222320 - 101?
1122222213
In base 2, what is 10010100010100 - -1011011001111?
11101111100011
In base 3, what is 1 + -10222110012?
-10222110011
In base 15, what is -9964e74 - -2?
-9964e72
In base 8, what is 0 + 20101576?
20101576
In base 5, what is -20 - -2001320104?
2001320034
In base 2, what is 1111011 + 10000111011111110100?
10000111100001101111
In base 16, what is 247c1 - b?
247b6
In base 15, what is -9cd8b4 + 0?
-9cd8b4
In base 2, what is -1011111100011 + 1011110010100110?
1010010011000011
In base 6, what is -220014 - 12543?
-233001
In base 12, what is 227078 - -549?
227605
In base 11, what is 103a - 111?
a29
In base 2, what is -111 + -1000100000011001101?
-1000100000011010100
In base 10, what is 2231 + -2826?
-595
In base 13, what is -1816 - -1202?
-614
In base 13, what is c - -1b2a6284?
1b2a6293
In base 4, what is 112311320 + 333?
112312313
In base 3, what is -122222121111202002 - -10?
-122222121111201222
In base 6, what is -205420132 + 11?
-205420121
In base 15, what is 0 - 15d712?
-15d712
In base 5, what is 13 - -10403320?
10403333
In base 6, what is -20321501401 + -3?
-20321501404
In base 4, what is -2100100310 - -2113?
-2100032131
In base 14, what is -1822c2a - -4?
-1822c26
In base 16, what is 5 + 2da13?
2da18
In base 7, what is -16 - -26263666?
26263650
In base 16, what is -6acfed6 + -a?
-6acfee0
In base 15, what is 17 + 186d5e?
186d76
In base 15, what is -1ac947d + 1?
-1ac947c
In base 14, what is -1194 + -168?
-131c
In base 8, what is -4 + -15210313?
-15210317
In base 16, what is -16 + 128483?
12846d
In base 13, what is -5cb6a56 + 2?
-5cb6a54
In base 11, what is -5a9361 - -13?
-5a9349
In base 6, what is 210 - -11402004?
11402214
In base 16, what is 34b725b - 3?
34b7258
In base 2, what is 101011010111001001 - -1000101?
101011011000001110
In base 8, what is -130574223 + 1?
-130574222
In base 15, what is 2ae - 1b464?
-1b1a5
In base 16, what is -4b95 - -a0?
-4af5
In base 12, what is -24486 + 38?
-2444a
In base 16, what is -49 + bed8?
be8f
In base 16, what is -53ad7 + 122?
-539b5
In base 2, what is -101011110111 + 10010100001110?
1101000010111
In base 4, what is -12222331 + 31101300?
12212303
In base 14, what is 39717a - -b?
397187
In base 9, what is 855488 - -116?
855615
In base 12, what is -2 - -26702b0?
26702aa
In base 12, what is -825190 - 1?
-825191
In base 12, what is -86 - -64b97?
64b11
In base 3, what is 10212000212221 + 1?
10212000212222
In base 5, what is -14 + -101401401?
-101401420
In base 11, what is -91 - 172991a?
-1729a00
In base 9, what is -8430187 + 4?
-8430183
In base 9, what is -18013 + -682?
-18705
In base 3, what is -2220001012 - -22002?
-2212202010
In base 3, what is -12 - 110010222111002?
-110010222111021
In base 11, what is 7184304 + 5?
7184309
In base 16, what is -d1cd14 - -4?
-d1cd10
In base 9, what is -235167147 + -10?
-235167157
In base 9, what is 4465 + -5365?
-800
In base 10, what is -42 - -1374329?
1374287
In base 12, what is -861 + -3a14a?
-3a9ab
In base 12, what is 1076 + 1b427?
204a1
In base 9, what is -5274302 - -83?
-5274208
In base 2, what is -11100100010100111101010100 + -11?
-11100100010100111101010111
In base 12, what is 137 - 247868?
-247731
In base 14, what is -1 - -2cd8970?
2cd896d
In base 11, what is -138438 + 60?
-138388
In base 16, what is -1 + -204f9c?
-204f9d
In base 6, what is -35014425 - 1443?
-35020312
In base 10, what is 18 - 540497?
-540479
In base 13, what is 2275 + -c85?
12c0
In base 16, what is -87b - fed?
-1868
In base 16, what is b8485 + 2?
b8487
In base 15, what is -8d9d38 - 6?
-8d9d3e
In base 3, what is 2 - 220212012122121?
-220212012122112
In base 12, what is 54b8a + -116?
54a74
In base 3, what is -10022020221 + -2121?
-10022100112
In base 8, what is -314166074 + -1?
-314166075
In base 14, what is 8 - 967b8c?
-967b84
In base 8, what is -25157 - 1235?
-26414
In base 16, what is -6b828f6 - -2?
-6b828f4
In base 14, what is b68abc4 + -11?
b68abb3
In base 3, what is -200121122021021 - 12?
-200121122021110
In base 13, what is 15cac44 + -2b?
15cac16
In base 16, what is 52 + -10d15?
-10cc3
In base 15, what is -a659 - 19?
-a673
In base 3, what is 210100 + 201202112?
202112212
In base 7, what is 154362 - 364?
153665
In base 5, what is 420142 + -332331?
32311
In base 12, what is -5 - a7b1b1b?
-a7b1b24
In base 12, what is 2609b0a9 - 5?
2609b0a4
In base 4, what is -100233 + -311120?
-1012013
In base 6, what is -2545 - 152333?
-155322
In base 5, what is -4131111 - 44432?
-4231043
In base 15, what is ead4a - -1a?
ead65
In base 15, what is 53 - 169a54?
-169a01
In base 11, what is -5 - 1717073?
-1717078
In base 4, what is -20 + 122111212012?
122111211332
In base 2, what is -1011000011110010001001100 + 0?
-1011000011110010001001100
In base 12, what is 0 + 17ba543?
17ba543
In base 9, what is -4 + -100838371?
-100838375
In base 13, what is -1 + -81800b?
-81800c
In base 9, what is -121 - -3763058?
3762837
In base 12, what is 4 + 1600789?
1600791
In base 15, what is -179e + -e456?
-10c05
In base 2, what is -1010101011000011101 + -10000101001?
-1010101101001000110
In base 2, what is -1100111100 - -111010000000001010